et o(m) = 156*m - 463. Calculate o(3).
5
Let y(w) = -3*w**2 + 61*w - 295. What is y(8)?
1
Let m(c) = -3*c**3 - 93*c**2 - 93*c - 79. Determine m(-30).
11
Let u(t) = -t**3 + 28*t**2 + 27*t + 49. Determine u(29).
-9
Let j(w) = -w**3 + 21*w**2 + 4*w + 5. Calculate j(21).
89
Let y(s) = -441*s - 15824. Calculate y(-36).
52
Let n(c) = -4*c - 7. Determine n(-22).
81
Let z(m) = 621*m + 15. Give z(-1).
-606
Let b(a) = -12*a**3 - a**2 + 15*a + 17. Calculate b(-1).
13
Let j(c) = -33*c + 126. What is j(-12)?
522
Let x(m) = 6*m**2 + 68*m - 54. Determine x(-13).
76
Let x(u) = 2*u**3 - 38*u**2 + 35*u + 42. Calculate x(18).
24
Let u(c) = 84*c + 4968. What is u(-59)?
12
Let v(u) = 3*u**2 + 14*u - 5089. What is v(39)?
20
Let u(q) = 2*q**3 - 142*q**2 - 9*q + 618. Determine u(71).
-21
Let p(z) = -86*z - 11337. Determine p(-133).
101
Let z(a) = 3*a**3 + 3*a**2 + 28*a + 56. Determine z(-2).
-12
Let o(t) = 4*t**2 - 790*t - 4869. Calculate o(-6).
15
Let i(h) = h**3 - 2*h**2 - 13*h - 2. Determine i(6).
64
Let h(b) = b**3 - 40*b**2 + 173*b + 79. Give h(35).
9
Let g(a) = -4*a**3 + 212*a**2 - 7*a + 356. What is g(53)?
-15
Let p(d) = d**2 - 16*d - 73. Calculate p(20).
7
Let w(x) = -7*x**3 + 9*x**2 - 14*x - 9. What is w(3)?
-159
Let s(o) = -246*o + 2720. Determine s(11).
14
Let w(z) = 2*z**3 + 9*z**2 - 35*z - 23. Determine w(-7).
-23
Let l(u) = 12*u**3 + 99*u**2 + 5*u - 151. Determine l(-8).
1
Let o(k) = 3*k**2 + 21*k + 53. Give o(-5).
23
Let b(w) = -1277*w + 16533. Give b(13).
-68
Let k(l) = 9057*l - 72454. Give k(8).
2
Let y(u) = -u**3 + 11*u**2 + 221*u - 230. Give y(21).
1
Let g(q) = -q**2 - 11*q - 5. Determine g(-4).
23
Let w(u) = -u**3 + 46*u**2 - 92*u + 212. Calculate w(44).
36
Let k(g) = -g**3 - 5*g**2 - 7*g - 31. What is k(-4)?
-19
Let s(i) = -118*i - 239. What is s(-2)?
-3
Let z(i) = -12*i + 300. Give z(28).
-36
Let i(d) = -56*d + 311. Give i(8).
-137
Let i(u) = -2*u**3 + 77*u**2 - 40*u + 97. What is i(38)?
21
Let d(x) = -2*x**2 + 10*x + 52. Determine d(12).
-116
Let w(q) = -q**3 - 111*q**2 - 321*q + 248. Calculate w(-108).
-76
Let l(w) = 2*w**2 - 12*w - 105. Calculate l(11).
5
Let s(y) = -y**3 + 15*y**2 + 405*y - 23. What is s(-14)?
-9
Let r(c) = 36*c + 7. Determine r(-2).
-65
Let u(m) = m**3 - 230*m**2 - 12*m + 2751. What is u(230)?
-9
Let i(d) = -d**3 + 41*d**2 - 379*d + 2066. Calculate i(31).
-73
Let y(i) = 11*i**2 - 35*i - 307. Give y(7).
-13
Let n(k) = -133*k + 769. Give n(6).
-29
Let w(r) = 35*r**2 - 97*r - 77. What is w(4)?
95
Let s(u) = 3*u**2 + 32*u - 3733. Determine s(-41).
-2
Let l(h) = -2*h**3 + 70*h**2 - 352*h - 8. Determine l(29).
-124
Let m(x) = x**2 - 4. Calculate m(4).
12
Let w(u) = u**3 + 18*u**2 + 24. What is w(-19)?
-337
Let g(h) = 36*h - 131. What is g(5)?
49
Let z(v) = 311*v + 622. Calculate z(-2).
0
Let y(z) = -z**2 - 40*z + 106. Determine y(-37).
217
Let m(q) = -197*q - 160. Calculate m(-1).
37
Let p(q) = 213*q + 1377. What is p(-7)?
-114
Let g(k) = k**3 - 10*k**2 + 12*k + 28. Give g(5).
-37
Let s(h) = h**2 + 20*h + 14. Give s(-22).
58
Let d(v) = -2*v**3 - 2*v**2 + 20*v + 38. Determine d(-5).
138
Let x(f) = -422*f - 2774. What is x(-6)?
-242
Let n(c) = 960*c - 21114. Give n(22).
6
Let u(p) = -p**3 - 154*p**2 - 1433*p + 62. Calculate u(-10).
-8
Let r(f) = 2*f**2 - 11*f - 48. What is r(9)?
15
Let c(i) = -9*i + 616. What is c(67)?
13
Let k(o) = 6*o**2 + o + 7. Calculate k(3).
64
Let d(s) = 20*s**2 + 732*s - 294. What is d(-37)?
2
Let t(u) = -3*u**3 - 2*u**2 - 2*u + 21. What is t(0)?
21
Let t(y) = -2*y**2 + 3*y + 5. Give t(-7).
-114
Let h(g) = -7*g + 224. Calculate h(29).
21
Let k(i) = i**2 + 223*i + 5458. What is k(-28)?
-2
Let h(d) = 70*d - 1483. Calculate h(21).
-13
Let a(b) = -36*b + 426. Give a(12).
-6
Let g(d) = 13*d - 527. Calculate g(45).
58
Let h(q) = -5*q**2 + 92*q - 322. Give h(5).
13
Let x(b) = 2*b**3 + 74*b**2 + 75*b + 85. Determine x(-36).
-23
Let p(s) = -s**3 + 55*s**2 + 112*s + 120. Calculate p(57).
6
Let j(m) = -55*m - 497. What is j(-9)?
-2
Let j(d) = -52*d + 3910. Calculate j(81).
-302
Let m(w) = 54*w + 547. Calculate m(-10).
7
Let u(h) = -8*h + 95. Determine u(16).
-33
Let d(f) = -8*f**2 - 85*f + 6. Give d(-11).
-27
Let u(r) = 2*r**3 + 35*r**2 + 39*r + 377. Give u(-17).
3
Let b(q) = -4*q**3 - 6*q**2 + 2*q - 9. Determine b(-4).
143
Let x(k) = 2*k**3 - 132*k**2 - 172*k + 11347. Determine x(66).
-5
Let u(r) = -6*r**3 + 158*r**2 - 51*r - 20. Determine u(26).
6
Let y(u) = 13*u**2 - 180*u - 16. What is y(14)?
12
Let d(o) = -101*o + 2537. What is d(25)?
12
Let u(w) = 10*w**2 + 407*w + 1457. Give u(-4).
-11
Let x(v) = 28*v + 477. Calculate x(-30).
-363
Let o(w) = 36*w**2 - 341*w + 159. What is o(9)?
6
Let c(p) = p**3 + 20*p**2 + 53*p + 77. Determine c(-16).
253
Let c(x) = -2*x**2 + 10*x - 5. What is c(4)?
3
Let h(i) = -i**2 + 52*i + 1595. What is h(74)?
-33
Let v(z) = 2105*z - 14731. Calculate v(7).
4
Let h(v) = -2*v**3 + 78*v**2 + 84*v - 172. Give h(40).
-12
Let n(p) = 36*p - 738. Determine n(23).
90
Let q(y) = -17*y**3 - 425*y**2 - 4*y - 30. Determine q(-25).
70
Let r(k) = k**3 - 61*k**2 + 103*k - 2612. Determine r(60).
-32
Let l(g) = -g**3 - 12*g**2 + 5*g + 366. What is l(-14)?
688
Let t(u) = u**3 - 41*u**2 - 61*u + 273. Determine t(42).
-525
Let j(d) = 3*d**3 - 12*d**2 - d. Determine j(6).
210
Let q(u) = 3*u**2 - 27*u - 37. Calculate q(11).
29
Let c(m) = 18*m**2 + 109*m - 125. Calculate c(-7).
-6
Let r(z) = -4*z + 11. Calculate r(7).
-17
Let a(f) = -f**3 + 6*f**2 - 8*f + 103. Calculate a(6).
55
Let o(l) = 2*l**3 - 40*l**2 + 84*l - 122. What is o(18)?
94
Let g(w) = -417*w + 112. Calculate g(0).
112
Let n(k) = 5*k**3 + 2*k**2 - 221*k + 885. Calculate n(4).
353
Let h(z) = 8*z**3 - 6*z**2 + 8*z - 15. What is h(2)?
41
Let u(s) = -98*s - 3090. What is u(-32)?
46
Let x(h) = h**3 - 16*h**2 + 18*h - 43. What is x(11)?
-450
Let n(k) = -2*k**3 - 6*k**2 + 55*k + 185. Calculate n(-4).
-3
Let v(a) = -10*a**2 + 32*a - 109. Determine v(4).
-141
Let l(i) = 9*i**2 - 443*i + 77. Give l(49).
-21
Let d(w) = -3*w**2 - 137*w - 683. What is d(-40)?
-3
Let m(f) = -15*f**2 + 2410*f + 800. Determine m(161).
-5
Let w(c) = c**2 - 37*c + 307. Calculate w(25).
7
Let u(s) = -3*s**2 + 66*s - 90. What is u(20)?
30
Let p(q) = -24*q**3 - 5*q**2 - 4*q - 1. Determine p(-1).
22
Let j(d) = d**3 - 2*d + 63. Determine j(0).
63
Let p(w) = 50*w + 1204. Give p(-23).
54
Let f(v) = 25*v**2 + 44*v + 2. Give f(-2).
14
Let m(c) = c**3 - 16*c**2 + 23*c - 74. Give m(15).
46
Let i(m) = 43*m**2 - 213*m - 17. Calculate i(5).
-7
Let t(y) = 553*y + 8904. What is t(-16)?
56
Let l(k) = -2*k**3 + 16*k**2 - 32*k + 114. Determine l(7).
-12
Let a(b) = -b**3 + 2*b**2 - 43*b + 299. What is a(5)?
9
Let p(h) = -6*h**2 - 159*h + 83. What is p(-27)?
2
Let b(z) = 2*z**2 + 2*z - 20. What is b(12)?
292
Let t(r) = 266*r - 548. Determine t(2).
-16
Let k(y) = -550*y + 3242. Calculate k(6).
-58
Let g(d) = 55*d + 37. Calculate g(-2).
-73
Let g(v) = -37*v**2 + 234*v - 14. Calculate g(6).
58
Let o(h) = -1210*h - 33871. Calculate o(-28).
9
Let z(r) = -2*r**2 - 10*r + 62. Give z(-8).
14
Let u(x) = -1507*x - 64811. Determine u(-43).
-10
Let u(h) = h**3 - h**2 - 2*h - 90. Determine u(0).
-90
Let w(q) = 77*q + 698. What is w(-11)?
-149
Let y(t) = 2*t**3 - 21*t**2 + 2*t + 5. Calculate y(8).
-299
Let r(g) = g**2 + 30*g - 318. Give r(8).
-14
Let f(p) = p**3 + 41*p**2 + 401*p - 388. Calculate f(-22).
-14
Let m(g) = 3*g**3 - 15*g**2 + 8*g - 19. Calculate m(7).
331
Let g(i) = -182*i + 2327. Give g(13).
-39
Let o(m) = -147*m + 1328. Give o(9).
5
Let d(u) = -u**3 + 10*u**2 + 55*u + 54. Determine d(14).
40
Let t(j) = -600*j + 1286. Calculate t(2).
86
Let j(q) = -2*q**2 - 36*q + 141. Determine j(-15).
231
Let a(b) = 80*b + 23. Determine a(-2).
-137
Let l(o) = -o**2 + 18*o - 18. Determine l(14).
38
Let x(c) = 60*c + 274. Give x(2).
394
Let k(i) = -i**3 - 68*i**2 + 19*i + 1282. Determine k(-68).
-10
Let t(v) = -12*v**2 - 24*v - 70. Calculate t(-3).
-106
Let d(a) = a**3 + 104*a**2 - 666*a - 650. Give d(-110).
10
Let s(g) = -71*g**2 + 69*g + 138. Give s(-2).
-284
Let w(y) = 11*y**3 - 86*y**2 - 16*y + 2. Determine w(8).
2
Let c(r) = -45*r + 5. Calculate c(-14).
635
Let b(k) = 2*k**2 - 5*k - 90. Give b(-8).
78
Let o(z) = -9*z - 8. Determine o(35).
-323
Let o(v) = v**3 + 7*v**2 + 5*v - 11. Give o(-6).
-5
Let d(r) = -r**3 +